266))/((-2)/g). Calculate the highest common factor of m and 3.
3
Let t be 588/(-7056) + 2762/24. What is the highest common factor of 8579 and t?
23
Let b be 1/(-3) + (-1866)/(-9). Let k = 896 - 860. Calculate the highest common factor of k and b.
9
Let w = -41 + 29. Let c(q) = q**2 + 11*q + 11. Let h be c(w). What is the highest common factor of 391 and h?
23
Let o = -38612 - -45705. Calculate the greatest common divisor of o and 1211.
173
Suppose -8*f + 8818 - 3242 = 0. Suppose -30*x + 26*x + 68 = 0. What is the highest common factor of x and f?
17
Suppose -5*p + 40*a = 39*a - 22, -5*p + 10 = -5*a. What is the greatest common factor of p and 1385?
5
Suppose 73 = -3*c - 2*f, 5*c + 0*c = 2*f - 127. Let u = c - -95. What is the greatest common divisor of u and 105?
35
Let w = -285 + 430. Let z = -25 + w. Calculate the highest common divisor of z and 200.
40
Suppose -444 + 2719 = 7*x. Suppose -4*o - 321 = -2*a - 5*o, 5*o - x = -2*a. What is the highest common factor of 200 and a?
40
Let b(i) = 10*i**2 - 47*i - 191. Let c be b(-3). Calculate the highest common factor of c and 104.
8
Let f be (-3 - 2)*36/(-5). Let i be (-3)/1 - (190 - 4). Let w = i + 207. What is the greatest common factor of w and f?
18
Let p(s) = 3*s**3 - 66*s**2 + 39*s - 4. Let a be p(22). Calculate the greatest common divisor of a and 28.
14
Let m = -12425 + 12469. Let f(y) = y**2 + 3*y + 3. Let t be f(-3). Let k be t + -2 - 1 - -11. What is the greatest common divisor of m and k?
11
Let f be (((-1243)/452)/((-2)/8))/((-2)/(-318)). What is the greatest common factor of 165 and f?
33
Let o(f) = -573*f - 549. Let q be o(-1). Calculate the highest common factor of q and 114.
6
Let i = 2488 + -2372. Calculate the greatest common factor of 20 and i.
4
Let q be (5 + -75)/(4/(-7 + -1)). What is the highest common divisor of q and 35?
35
Let t = 4075 - 4072. Calculate the greatest common factor of t and 91.
1
Let o be (4/3)/(5/15). Let l be (-3)/(-12) + (-362)/8. Let v be l/(-10) - o - 143/(-2). Calculate the greatest common divisor of v and 8.
8
Suppose 4*r + 22 = c, r = 47 - 49. What is the highest common divisor of c and 21?
7
Suppose 9 + 63 = 4*f + 8. What is the greatest common divisor of 17536 and f?
16
Let r(w) = -177*w - 684. Let b be r(-6). Calculate the highest common factor of 987 and b.
21
Suppose 58*d + 270 = 68*d. Suppose d*s - 18*s - 1350 = 0. Suppose -5*a = -4*l - 0*l + 195, -3*l + 146 = -4*a. Calculate the greatest common divisor of l and s.
50
Let r(i) be the first derivative of i**3/3 + 9*i - 6. Let w be r(-5). Let k = -24 + w. What is the highest common factor of 90 and k?
10
Let t(i) = i**2 - 26*i - 218. Let s be t(33). What is the greatest common factor of 5655 and s?
13
Suppose -8 = -7*m + 5*m. Suppose -7*r + 15 = -m*r. Suppose 0 = -4*l - r*g + 700, -l = -0*l - g - 184. What is the greatest common factor of 20 and l?
20
Suppose -341120 = -186*u - 347*u. What is the greatest common factor of 1504 and u?
32
Let x = -9288 - -11773. What is the greatest common divisor of 142 and x?
71
Let g be (-1 - -3) + 18/(-1 - -3). Suppose 0 = 5*q - g + 1. Suppose 0 = -2*s + q*k + 26 + 88, 63 = s - 4*k. Calculate the highest common factor of s and 22.
11
Suppose 5*b + d - 70 = 0, -3*d = 4*b - 39 - 17. Let a(j) = -1148*j - 25228. Let t be a(-22). What is the highest common divisor of t and b?
14
Let x = 27152 + -27068. Calculate the highest common factor of x and 966.
42
Let c(w) = -17*w + 1768. Let p be c(-40). Calculate the greatest common divisor of 459 and p.
153
Let o(s) = -s**3 - 3*s**2 + 7*s. Suppose 0 = 5*n + 4*n - 3*n. Suppose n = -6*k + 13 - 43. Let g be o(k). What is the highest common divisor of g and 120?
15
Suppose 358*j = 354*j + 272. Suppose 5*h - 9*h + j = -5*b, -36 = -2*h + 2*b. Calculate the greatest common factor of 550 and h.
22
Let b(l) be the second derivative of -25*l**3/3 + 55*l**2 - 164*l. Let r be b(-17). Calculate the greatest common factor of 32 and r.
32
Let v be (-1 - 0)/((-1)/(-8)) + 71. Suppose -75 = -5*a + 60. What is the highest common divisor of v and a?
9
Let l be 55/40*(-1 - -9). Suppose -l*r + 5*r = -1710. Calculate the highest common factor of r and 15.
15
Let c = -4994 + 5057. What is the highest common divisor of 336 and c?
21
Let d be (-3 - (-4 + 2))*(-54 - 8). Let n = -54 + d. Let v be ((-4)/((-4)/2))/(5/20). Calculate the greatest common factor of n and v.
8
Let c = -928 - -1152. Calculate the greatest common factor of 14 and c.
14
Let h be 1 + 128/96*(-459)/(-4). Calculate the highest common factor of 469 and h.
7
Let i be 338/26 - (-19794)/((-3)/(-1)). What is the greatest common divisor of i and 22?
11
Let i = -24782 - -25556. What is the greatest common factor of 666 and i?
18
Suppose 5*k + 5*s - 27 = -22, -k - 9 = 3*s. Let b be 0*k/18 - -81. Calculate the highest common divisor of b and 54.
27
Let y = -10064 - -10814. What is the highest common divisor of y and 60?
30
Let a be (-126)/(-35)*(-90)/(-27). What is the greatest common factor of 1578 and a?
6
Let h be ((-1 + 0)*1)/((-1)/3). Let b be 0/(-4 + h)*(-2)/4. Let y be b*1/3 + -1 + 2. What is the greatest common divisor of y and 13?
1
Let l = -16314 - -16563. What is the highest common divisor of l and 6?
3
Let z be (-51)/17 - 7 - -784. What is the greatest common factor of z and 180?
18
Let u(k) = k**3 - 69*k**2 + 73*k - 40. Let b be u(68). Let h = -26 - -38. Calculate the greatest common divisor of b and h.
12
Let c(j) = -4*j**3 + 38*j**2 + 22*j + 4. Let g be c(10). Calculate the greatest common divisor of g and 9192.
24
Let l = 4237 + -3229. Calculate the greatest common divisor of 96 and l.
48
Let s = -5222 + 5232. Suppose -5*r = -5*u - 150, 0 = 4*r + u - 108 - 7. Let z = 44 - r. Calculate the greatest common factor of s and z.
5
Let k be 77/15 - 78/585. Let z be 245/14*(278/k - -2). What is the greatest common divisor of z and 16?
16
Suppose -67*b + 28919 = -33860. What is the highest common factor of 1 and b?
1
Suppose -445 = -4*a - 0*g + 3*g, a - 130 = -3*g. Suppose 4*j = -5*l - 3*j + 345, -3*l = -j - 207. Calculate the highest common divisor of a and l.
23
Let i be (-3)/(-1) - (216/6)/4. Let l be 4/(-1*4) + i - 2. Let d(f) = -f**2 - 10*f - 3. Let b be d(l). What is the highest common factor of b and 30?
6
Suppose 13*b = -4*b + 4420. Suppose -192*r = -197*r + b. Calculate the highest common divisor of r and 104.
52
Let a = -180 - -186. Suppose 342 - 42 = a*g. Suppose 4*t + y - 162 = 0, -3*y + y = 4*t - 164. Calculate the highest common divisor of t and g.
10
Let m(y) = 4*y**2 + 19*y + 1. Let g be m(-6). Let h = 46 - g. Suppose -h + 7 = -q. What is the highest common factor of q and 1?
1
Let t(k) = 489 - k**2 + 5*k - 249 - 244 + 45*k**3. Let v be t(1). Calculate the highest common divisor of v and 18.
9
Let h be (-80)/(-24) + (4 - (-48)/(-9)). Suppose 36 = h*v - 2*g, -2*v + 63 - 17 = 3*g. What is the highest common divisor of 320 and v?
20
Suppose 0 = 8*c - 34*c + 25844. Calculate the highest common factor of 142 and c.
142
Let o(k) = -k**3 - k**2 + k - 1. Let p be o(1). Let c = 19 + p. Let x = c + 0. Calculate the greatest common divisor of x and 1.
1
Let g be (-4)/14 - 90/(-21). Let w(u) = -281*u - 122. Let m be w(-3). Let a = 773 - m. Calculate the greatest common divisor of g and a.
4
Suppose 90*p + 2*p = -127*p + 34821. What is the greatest common divisor of 3 and p?
3
Let d be 62/4*(1 + 57). Let i be 8576/256 - (-9)/(-2). What is the greatest common divisor of d and i?
29
Suppose -5*n = -1927 - 698. Suppose 232*b - 228*b - 295 = -v, -4*b = 4*v - 280. What is the greatest common divisor of b and n?
75
Let p(j) = j - 114. Let m be p(9). Let n = 133 + m. Calculate the highest common divisor of 126 and n.
14
Let n = -101 - -216. Let o(p) = 26*p + 123. Let z be o(-16). Let t = z - -339. What is the greatest common factor of t and n?
23
Suppose 33 = 2*l - 17. Let u(k) = -k**3 + 25*k**2 - k + 53. Let x be u(l). What is the highest common factor of x and 12?
4
Let a(x) = 270*x + 301. Let s be a(5). What is the greatest common divisor of s and 508?
127
Let y be (-2)/6*0/(-1) - -3. Let i(r) = -4*r**2 + 32 - 6 + 0*r**2 + y*r**2. Let g be i(5). What is the greatest common divisor of 1 and g?
1
Let t(o) = -3*o + 25. Let p(f) = -f. Let z(s) = -2*p(s) + t(s). Let x be z(9). C